ided by 9.
7
Calculate the remainder when 76679 is divided by 47.
22
Calculate the remainder when 5802 is divided by 2893.
16
What is the remainder when 166263 is divided by 56?
55
What is the remainder when 72363 is divided by 7212?
243
What is the remainder when 1494 is divided by 4?
2
Calculate the remainder when 299620 is divided by 290.
50
Calculate the remainder when 5457 is divided by 582.
219
What is the remainder when 75591 is divided by 662?
123
Calculate the remainder when 44915 is divided by 605.
145
Calculate the remainder when 5495 is divided by 46.
21
What is the remainder when 316 is divided by 42?
22
What is the remainder when 18515 is divided by 441?
434
What is the remainder when 7917 is divided by 674?
503
Calculate the remainder when 505 is divided by 46.
45
Calculate the remainder when 87341 is divided by 66.
23
Calculate the remainder when 42809 is divided by 52.
13
What is the remainder when 1193 is divided by 230?
43
What is the remainder when 487363 is divided by 102?
7
What is the remainder when 1841 is divided by 60?
41
Calculate the remainder when 4172 is divided by 21.
14
Calculate the remainder when 5210 is divided by 20.
10
What is the remainder when 60616 is divided by 28?
24
Calculate the remainder when 3718740 is divided by 41.
40
What is the remainder when 75809 is divided by 361?
360
Calculate the remainder when 868865 is divided by 364.
361
Calculate the remainder when 2587 is divided by 817.
136
What is the remainder when 13268 is divided by 528?
68
What is the remainder when 59901 is divided by 33?
6
What is the remainder when 12748 is divided by 28?
8
Calculate the remainder when 1026 is divided by 611.
415
Calculate the remainder when 766077 is divided by 504.
501
What is the remainder when 825792 is divided by 283?
281
What is the remainder when 18909 is divided by 12?
9
What is the remainder when 162929 is divided by 54307?
8
What is the remainder when 66949 is divided by 227?
211
Calculate the remainder when 4389 is divided by 2194.
1
What is the remainder when 10699 is divided by 19?
2
Calculate the remainder when 99658 is divided by 15.
13
What is the remainder when 123581 is divided by 129?
128
Calculate the remainder when 3730 is divided by 1076.
502
What is the remainder when 250756 is divided by 125372?
12
What is the remainder when 14823 is divided by 2466?
27
Calculate the remainder when 66667 is divided by 9.
4
Calculate the remainder when 1222 is divided by 20.
2
Calculate the remainder when 10441 is divided by 5115.
211
What is the remainder when 557972 is divided by 13?
12
Calculate the remainder when 2101 is divided by 235.
221
Calculate the remainder when 4912 is divided by 495.
457
Calculate the remainder when 737366 is divided by 488.
486
What is the remainder when 86654 is divided by 26?
22
What is the remainder when 31589 is divided by 4492?
145
Calculate the remainder when 1411 is divided by 658.
95
Calculate the remainder when 5103 is divided by 970.
253
What is the remainder when 375331 is divided by 78?
73
What is the remainder when 105036 is divided by 505?
501
Calculate the remainder when 49337 is divided by 108.
89
Calculate the remainder when 1220370 is divided by 26.
8
What is the remainder when 15833 is divided by 66?
59
Calculate the remainder when 11229 is divided by 11203.
26
Calculate the remainder when 19906 is divided by 178.
148
Calculate the remainder when 4930 is divided by 1945.
1040
What is the remainder when 139038 is divided by 335?
13
Calculate the remainder when 60822 is divided by 222.
216
What is the remainder when 2716 is divided by 161?
140
Calculate the remainder when 84346 is divided by 795.
76
What is the remainder when 1045650 is divided by 2206?
6
What is the remainder when 1658 is divided by 407?
30
What is the remainder when 8478 is divided by 249?
12
Calculate the remainder when 34026 is divided by 1063.
10
What is the remainder when 1211 is divided by 212?
151
Calculate the remainder when 135293 is divided by 233.
153
Calculate the remainder when 507885 is divided by 47.
3
Calculate the remainder when 72981 is divided by 9120.
21
Calculate the remainder when 10798 is divided by 4743.
1312
Calculate the remainder when 1464 is divided by 575.
314
What is the remainder when 7897389 is divided by 181?
178
What is the remainder when 194762 is divided by 17?
10
What is the remainder when 169631 is divided by 38?
37
What is the remainder when 12618 is divided by 1568?
74
What is the remainder when 187724 is divided by 187722?
2
Calculate the remainder when 9144 is divided by 1306.
2
What is the remainder when 64217 is divided by 66?
65
Calculate the remainder when 2505 is divided by 418.
415
What is the remainder when 7685 is divided by 2554?
23
What is the remainder when 18337 is divided by 206?
3
Calculate the remainder when 959 is divided by 156.
23
Calculate the remainder when 11176 is divided by 86.
82
What is the remainder when 274637 is divided by 28?
13
What is the remainder when 24356 is divided by 33?
2
What is the remainder when 5562 is divided by 1091?
107
What is the remainder when 18075 is divided by 1367?
304
Calculate the remainder when 684399 is divided by 86.
11
What is the remainder when 34447 is divided by 11468?
43
Calculate the remainder when 21264 is divided by 1327.
32
Calculate the remainder when 9434 is divided by 472.
466
Calculate the remainder when 2373 is divided by 790.
3
Calculate the remainder when 1921 is divided by 926.
69
Calculate the remainder when 32138 is divided by 4008.
74
What is the remainder when 20311 is divided by 264?
247
Calculate the remainder when 309683 is divided by 154834.
15
What is the remainder when 62478 is divided by 4?
2
Calculate the remainder when 9950 is divided by 7860.
2090
Calculate the remainder when 6976 is divided by 2320.
16
What is the remainder when 8290 is divided by 16?
2
Calculate the remainder when 220196 is divided by 42.
32
Calculate the remainder when 43634 is divided by 873.
857
What is the remainder when 20768 is divided by 120?
8
Calculate the remainder when 9658 is divided by 161.
159
Calculate the remainder when 60829 is divided by 60829.
0
What is the remainder when 24156 is divided by 24141?
15
What is the remainder when 83361 is divided by 1097?
1086
Calculate the remainder when 5105 is divided by 1664.
113
Calculate the remainder when 3262 is divided by 461.
35
Calculate the remainder when 93788 is divided by 226.
224
Calculate the remainder when 9613 is divided by 1265.
758
What is the remainder when 241809 is divided by 54?
51
What is the remainder when 4984 is divided by 459?
394
What is the remainder when 26106 is divided by 180?
6
Calculate the remainder when 1726673 is divided by 82.
81
What is the remainder when 8111 is divided by 34?
19
Calculate the remainder when 3697 is divided by 1811.
75
Calculate the remainder when 18486 is divided by 9014.
458
Calculate the remainder when 362182 is divided by 373.
372
Calculate the remainder when 82777 is divided by 27591.
4
Calculate the remainder when 11878 is divided by 44.
42
Calculate the remainder when 34770 is divided by 287.
43
Calculate the remainder when 224087 is divided by 224069.
18
What is the remainder when 5552 is divided by 5493?
59
What is the remainder when 14258 is divided by 124?
122
Calculate the remainder when 6996 is divided by 437.
4
What is the remainder when 580675 is divided by 121?
117
Calculate the remainder when 87727 is divided by 43821.
85
What is the remainder when 1782 is divided by 1396?
386
Calculate the remainder when 71953 is divided by 31.
2
What is the remainder when 7427 is divided by 2278?
593
Calculate the remainder when 12970 is divided by 270.
10
Calculate the remainder when 83393 is divided by 30.
23
Calculate the remainder when 1457 is divided by 1339.
118
What is the remainder when 220260 is divided by 73419?
3
What is the remainder when 25587 is divided by 96?
51
Calculate the remainder when 1171732 is divided by 812.
16
What is the remainder when 626768 is divided by 11192?
16
Calculate the remainder when 26145 is divided by 569.
540
What is the remainder when 95804 is divided by 22?
16
What is the remainder when 16490 is divided by 1369?
62
What is the remainde